-q. Let m(y) = b(y) + 4*u(y). Give m(a).
-7
Let a(k) be the first derivative of -2*k + 2 - 3*k**2 + 1/3*k**3. Calculate a(6).
-2
Let d(u) = 0*u - 7*u**2 - 4*u**2 + 3*u - 4*u. Let i = 13 + -12. Calculate d(i).
-12
Let t(f) = 2*f - f + 0*f. Let c(z) = z**3 + 19*z**2 - 42*z - 4. Let s be c(-21). What is t(s)?
-4
Let r(u) = -5*u**3 + 7*u**2 + 8*u + 8. Let f(w) = 4*w**3 - 7*w**2 - 8*w - 8. Let i(a) = 6*f(a) + 5*r(a). Calculate i(-6).
4
Let h(b) = b**3 + b**2 + b + 2. Let u(j) = -4*j**2 + 4*j - 3. Let w be u(2). Let v = w - -11. What is h(v)?
2
Let g(v) = 2*v - 7. Suppose -3*u + 7*u - l + 19 = 0, 3*l + 3 = 0. What is g(u)?
-17
Let q(k) = -3*k**2 - 44*k - 23. Let p(g) = g**2 + 15*g + 8. Let c(v) = 17*p(v) + 6*q(v). Determine c(-6).
16
Let z(f) = 2*f + 3. Let o(p) = -4*p + 23. Let y be o(7). Give z(y).
-7
Let t = 16 - 16. Let m(o) be the second derivative of 1/20*o**5 - o + 3*o**2 + 0 + 0*o**3 + 1/12*o**4. Determine m(t).
6
Let d(i) = 5 - i**2 + 12 - 11*i - 23. What is d(-5)?
24
Let c(p) = p**3 - 8*p - 1. Let d(x) = -x - 1. Let v(g) = -c(g) + 4*d(g). What is v(2)?
-3
Let y(a) be the third derivative of a**5/60 - 7*a**4/24 + a**3/3 + a**2 + 4. Determine y(3).
-10
Let w(u) = -u**2 + u + 9. Let l = 17 + -17. Determine w(l).
9
Let q(w) = 5*w + 16. Let z(r) = -4*r - 15. Let f(u) = 5*q(u) + 6*z(u). Determine f(5).
-5
Let k(v) be the second derivative of v**6/120 + v**5/60 - v**4/8 + 2*v**3/3 - v**2 + 2*v. Let p(b) be the first derivative of k(b). Calculate p(-3).
-5
Let f(i) = -5*i + 4*i - 4 + 5 + 4. Determine f(-5).
10
Let r(c) = c**3 - 6*c**2 + 2*c - 4. Let o(h) be the first derivative of -h**4/4 - 5*h**3/3 - h**2 - 4*h - 1. Let k be o(-5). Give r(k).
8
Let i be (24/20)/((-4)/10). Let o(v) = 4*v**3 + 7*v**2 - 4*v - 2. Let f(t) = -t**3 - t**2 - t. Let w(u) = i*f(u) - o(u). Calculate w(-5).
-8
Let l(k) = -3*k**3 - k**2 + 2. Let r(t) = t**3 - 1. Let a(b) = -l(b) - r(b). Calculate a(1).
2
Let z be (4/(-10))/((-1)/25). Suppose b + 4 = -8*w + 3*w, 5*b - z = 5*w. Let g(y) = 3*y + 1. What is g(w)?
-2
Let y(n) be the second derivative of n**5/2 - n**4/12 + n**3/6 - n**2/2 - 3*n. Calculate y(1).
9
Let f(r) = r**2 + 15*r - 37. Let d be f(-17). Let q(o) = -8*o + 4. Calculate q(d).
28
Let w(g) = g + 10. Suppose 0 = t + t + 26. Let l = -20 - t. Calculate w(l).
3
Let k(f) = -2*f + 4. Let v(s) = -s + 1. Let u(n) = 3*k(n) - 8*v(n). Determine u(-5).
-6
Let b be 0/(-1) + (2 - 2). Let x(k) = b*k - 8*k**2 - 5*k**2 + 11*k**2 - 2*k. Determine x(-2).
-4
Let k(t) = t**3 + t**2 + 1. Let u(d) = 3*d**3 + 2*d**2 + d + 6. Let g = -11 + 15. Let i(m) = g*k(m) - u(m). Let c = 4 + -7. What is i(c)?
-8
Let w(v) = v**2 + v - 4. Let x(s) = -s. Let r(h) = -w(h) + 2*x(h). Let g be r(-4). Let q(a) = -a - 6. Determine q(g).
-6
Let i(u) = 2*u. Let r(g) = -g**3 - g**2 + 3*g + 4. Let t be r(-2). Determine i(t).
4
Let i(u) = 10*u**2 + 16*u + 6. Let k(b) be the second derivative of -7*b**4/12 - 11*b**3/6 - 2*b**2 + 5*b. Let j(t) = 5*i(t) + 7*k(t). What is j(-2)?
0
Let u(y) = -5*y + 1. Let g(b) = -b**2 + 3. Let r be (-1)/1 + -3 + 4. Let v be g(r). Suppose 4*n - 20 = -4*q, -18 = -5*n - v*q - 1. What is u(n)?
-4
Let u = 2 - 1. Suppose -5*t + 9 + u = 0. Let w(m) = -3*m**3 + 5*m + 2*m**3 - 4 - 3*m**2 - m**t. Calculate w(-5).
-4
Suppose g - 4 = 2*m, 4*m - 8 = -g - g. Let s(l) be the third derivative of -1/60*l**5 + m*l + 1/24*l**4 + 3*l**2 + 2/3*l**3 + 0. What is s(0)?
4
Let h(d) = -6*d**2 - d. Let f(g) = 2*g - 1. Let t be f(0). Give h(t).
-5
Let w(i) = i**3 + 9*i**2 + 8*i + 2. Let o be w(-8). Let l(h) = -2*h**3 - 3 + 0*h + 8*h**3 + o - h**2 - 2*h. Let b = -2 - -1. Give l(b).
-6
Let f(z) = -z**2 + 5*z + 7. Let i be f(6). Let j(n) = 2*n**3 - 15 - n**2 + 11 - n + 5. Calculate j(i).
1
Let w(h) = 2*h. Let t be w(-1). Let q = t + 2. Let r be q + 1 - (3 + 0). Let n(l) = 6*l + 3. What is n(r)?
-9
Let g(n) be the second derivative of -n**7/504 - n**6/720 - n**4/12 + n. Let p(h) be the third derivative of g(h). What is p(-1)?
-4
Let t(s) = s. Let j = 4 - 6. Let o be (0/(-1) + -3)*1. Let l = o - j. Give t(l).
-1
Let u(z) = z + 7. Let q be (-10)/2*(-8 + 7). Give u(q).
12
Let y(r) be the second derivative of -r + 1/6*r**3 + 0 + 2*r**2. Let l be ((-8)/((-8)/3))/(2 + -1). What is y(l)?
7
Let f(n) = -n**3 - 8*n**2 - 5*n + 6. Let g = 120 - 127. Give f(g).
-8
Let l(k) = -k + 8. Let b be l(6). Suppose b*m = 5*s - 25, -4*s + 9 + 8 = -m. Let n(t) = 1 + t**s + 0*t**3 + 5*t + 0*t**3 + 5*t**2. Give n(-4).
-3
Let o(d) = -195 + d**2 - 5*d + 91 + 99. Determine o(6).
1
Let u(c) = c**2 + 6*c + 4. Let v be u(-6). Let f(g) = -4 - 1 + 10*g + v. Give f(-1).
-11
Suppose 2*b = -d + 163, -2*b - 246 = -5*b - d. Let j be (-6)/27 - b/(-9). Let u be 38/j - 4/18. Let i(p) = -p**3 + 4*p**2 + p. Determine i(u).
4
Suppose b - 12 = -4*k, -b - 3 = 3*b - k. Let v(y) = y**2 - 1. Let o(g) = 3*g**2 - g - 11. Suppose -4*d + 24 - 8 = 0. Let c(j) = d*v(j) - o(j). What is c(b)?
7
Let q(p) = p + 3. Let z(b) = -9*b + 13. Let l be z(2). Calculate q(l).
-2
Let l(h) = h**3 + 7*h**2 - 10*h - 7. Let t be 2*(-21)/7*(-8)/(-6). Determine l(t).
9
Let j(w) = 273*w**3 + 65*w. Let b(d) = -17*d**3 - 4*d. Let y(t) = 65*b(t) + 4*j(t). Give y(-1).
13
Let h(z) = z + 4. Let w be h(-8). Let k = w + 7. Let t(g) = 7 + k*g - 7. Determine t(2).
6
Suppose 0 = -2*y - 6 + 22. Let o be 4/y*10/(-1). Let h(z) = -z - 2. Let k(w) = w + 3. Let u(q) = 3*h(q) + 2*k(q). What is u(o)?
5
Let d(r) = -r**3 + r**2 + 1. Let q = 2 + -3. Let w(f) = 5*f**3 - 4. Let h(c) = q*w(c) - 4*d(c). Determine h(-4).
0
Let u(r) = 2*r**2 - 3*r + 5. Let x(d) = d**2 - 2*d + 4. Let m(l) = -2*u(l) + 3*x(l). What is m(-2)?
-2
Let d = -22 + 18. Let f(g) = -g**2 - 3*g - 4. Calculate f(d).
-8
Let r = 5 + -8. Let p be -3 + 4 - (-2 - r). Let i(y) = y - y**3 + p*y**2 - 1 - 3*y**2 - 3*y. Give i(-2).
-1
Let u(h) = h + 14. Let q be u(-8). Let l(x) be the third derivative of x**5/60 - x**4/4 + x**3/6 + 2*x**2. Calculate l(q).
1
Let k(o) = o**2 - 2*o - 2. Let t be k(3). Let v(u) = -3 + 1 - 10*u + 0 + 3. Give v(t).
-9
Let p be 3/2 - (-1)/2. Suppose r = -3*g + 1, -4*r + p*g = 4*g + 6. Let b(q) = -2*q + 2. What is b(r)?
6
Let g = 9 + -8. Let k(j) = 4*j**2 - 1. Calculate k(g).
3
Let d(w) = -w**3 - 6*w**2 - 6. Suppose 5*m + 27 = 3*l, 3*m + 33 = -2*m - 3*l. Calculate d(m).
-6
Let d(l) be the first derivative of l**6/360 + l**5/24 - l**4/8 + l**3/3 + 2. Let i(u) be the third derivative of d(u). Calculate i(-5).
-3
Suppose -y = -0*y - 5. Suppose y*w = -23 + 68. Let f(j) = -2*j**2 - 2 - w*j + 8*j + j**2. Determine f(0).
-2
Let g(s) = -3*s**2 + 2*s**3 + 4*s**2 - s - s**3. Suppose -r + 6*r = 25. Suppose 5*y - 30 = -r*z, 6*y + z = 4*y + 8. Calculate g(y).
10
Suppose -10 = -x - 4*x - 5*h, 1 = -x - 2*h. Let q(i) be the third derivative of -1/60*i**x - 3*i**2 + 1/12*i**4 + 0*i + 0 - 1/6*i**3. Give q(1).
0
Suppose 5*q + 40 = d, 5*q + 17 = 3*d - 33. Let z(k) be the first derivative of -k**4/4 - 7*k**3/3 - 3*k - 4. Give z(q).
-3
Let u be 9/(-7) - -1 - (-114)/(-42). Let f(v) = -v**3 - 3*v**2 - v. Give f(u).
3
Let x(d) be the third derivative of d**5/60 - d**4/4 + 7*d**3/6 + 12*d**2. Give x(6).
7
Let c(v) = 3*v**3 - 11*v**2 - 7*v + 9. Let l(i) = 4*i**3 - 16*i**2 - 10*i + 13. Let f(x) = 7*c(x) - 5*l(x). What is f(-3)?
-5
Suppose t = 5*m + 23, -t - 10 = 5*m + 17. Let j(z) = -9*z**2 - 2*z + 2. Calculate j(t).
-30
Let h(g) = 3*g - 4. Let t(w) = w - 1. Let b(i) = -2*h(i) + 7*t(i). Let p = 3 - -1. Determine b(p).
5
Let y = 42 + -29. Suppose f - 5*m + 26 = 3*f, 0 = f - 4*m + y. Let x(a) be the third derivative of -a**6/120 + a**5/20 + a**4/12 - 4*a**2. Determine x(f).
6
Let h(w) = -w**3 + w**2. Let l(i) be the second derivative of -i**5/4 - i**3/2 - i**2/2 - i. Let g(z) = 4*h(z) - l(z). Give g(-3).
1
Let m(l) be the third derivative of l**5/60 + l**4/24 - l**3/3 - 4*l**2. Let c = 4 - 7. Let s be m(c). Let a(i) = 2*i - 1. What is a(s)?
7
Suppose -3*f = -0*f - 9. Let g(w) = -w + 1. Let o(d) be the first derivative of d**2 - 2*d - 14. Let u(n) = f*o(n) + 5*g(n). Give u(4).
3
Let b(m) be the third derivative of -m**6/120 - m**5/12 - m**4/6 - m**3/3 + 10*m**2. Give b(-4).
-2
Let l(t) be the third derivative of t**6/120 + t**5/15 + t**4/24 + 5*t**3/6 - 3*t**2 + 5*t. Determine l(-4).
1
Let u(o) = -5*o**3 + 5*o**2 + 5*o - 6. Let h be 6*-2*(-2)/(-8). Let f(z) = 